 -r + 5*p + c, 3*p + p - 108 = -4*r. What is the greatest common divisor of r and 189?
27
Suppose 3 = 2*l - 3*c - 58, -c - 51 = -2*l. What is the greatest common divisor of 1127 and l?
23
Let i = 254 - 242. What is the greatest common divisor of 27 and i?
3
Suppose -4 = -5*a + 1. Let c be (-546)/147*14/(-4). Calculate the greatest common factor of a and c.
1
Let q = -213 - -244. Let f be (8/(-10) + 2)*155. Calculate the greatest common factor of f and q.
31
Let p = 207 + -217. Suppose 0 = -3*m - 53 - 73. Let c = p - m. What is the greatest common factor of 8 and c?
8
Suppose -5 - 25 = 5*k. Let l be (-147)/k + (-1)/(-2). Let c = 33 - l. Calculate the greatest common factor of c and 12.
4
Suppose 3*d = -u + 13, -6 = 2*u - 5*u + 2*d. What is the highest common divisor of 348 and u?
4
Suppose 237*a - 240*a = -1458. Suppose 0 = 3*c - 142 - 20. What is the highest common divisor of a and c?
54
Let q(w) = w + 24. Let a = -168 + 152. Let k be q(a). What is the highest common factor of 80 and k?
8
Let d be (5 + -16 - -12)/(2/32). Calculate the greatest common divisor of d and 4.
4
Suppose 17 - 33 = -8*d. Suppose -d*k - 2 = 0, 3*k - 11 = -4*h + 3*h. Let n be (14*-27)/(-3) + 0. What is the greatest common divisor of h and n?
14
Suppose -5*s + h + 4064 = -2031, s - 3*h = 1233. What is the greatest common factor of s and 42?
42
Suppose -3*n - 93 + 42 = -4*r, -3*n = -3*r + 36. What is the greatest common divisor of r and 405?
15
Let a = 113 - 77. Suppose a = g + g. Let u = -12 + g. What is the highest common factor of 2 and u?
2
Suppose 0 = -17*y + 3*y + 644. What is the highest common divisor of 230 and y?
46
Let z be 6/(-36)*-7352 + 2/(-6). What is the greatest common divisor of z and 50?
25
Let s be 18/(-4)*140/(-42). Suppose 17*a - 96 = s*a. What is the greatest common divisor of a and 12?
12
Suppose 4*j + 256 = 4*f, 1 = 4*j - 11. Let o = f - 62. Calculate the greatest common divisor of o and 55.
5
Let k(m) = -m**2 + 33*m + 29. Let i be k(18). Suppose 8*v - 21 - i = 0. Calculate the greatest common divisor of 10 and v.
10
Let k(o) = -7*o**3 - o**2 + 1. Let u be k(-1). Let b(i) = -15*i**2 - 4 + 3 + 20*i**2 - 4*i. Let a be b(-3). What is the highest common factor of u and a?
7
Let u be 3/((1/(-2))/(-1)). Calculate the highest common factor of u and 54.
6
Let s be 183804/583 + (-9)/33. Calculate the greatest common factor of 180 and s.
45
Let c(v) = 3*v + 13. Let m be c(-9). Let i = m + 26. Let y be 1180/14 - i/42. What is the highest common divisor of 12 and y?
12
Let n(j) = j + 10. Let a be n(-8). Let x(u) = 2*u**2 - 2*u + 1. Let f be x(a). Suppose f*d - 6 = 9. What is the highest common divisor of 15 and d?
3
Let m(g) = -6*g**3 + 2*g**2 - 4*g + 3. Let b be m(2). Let y be (9*12/b)/((-2)/60). Calculate the highest common factor of y and 18.
18
Suppose -5*k + t = -34 - 67, 96 = 4*k + 3*t. Let r be 19 + 340/(-102)*((-3)/6 + 2). What is the greatest common factor of r and k?
7
Suppose -2*g + 4 = -g. Suppose 7 = g*m - 25. Calculate the greatest common divisor of 24 and m.
8
Let a = 54 - 51. Let q = 33 - a. Calculate the greatest common factor of q and 75.
15
Let j be 192/168*434*(-5)/(-10). Let s be 1/(-2*2/(-124)). Calculate the greatest common factor of s and j.
31
Let m = -110 + 112. What is the highest common factor of m and 82?
2
Let y(d) be the third derivative of -5*d**4/12 + 67*d**3/6 + 2*d**2. Let p be y(5). What is the greatest common factor of 85 and p?
17
Suppose -11*r = -r - 40. Suppose 4*w + 445 = l + 2*w, r*w = -8. Calculate the greatest common factor of 49 and l.
49
Let z(i) = i**2 + 5*i - 5. Let t be z(-7). Let d = t + 1. Suppose -2*m = -5*b + 2*b - 46, 2*m + 2*b - 36 = 0. What is the greatest common divisor of m and d?
10
Suppose 4*z - 22 = -3*g, 9 - 3 = -z + 5*g. Let p be (-336)/(-33) + z/(-22). Let s be (-1)/(-1)*3 + 2. Calculate the greatest common factor of s and p.
5
Let x = 36 - 4. Suppose 0 = 4*w - 3*q - 32, 3*w - 4*q = w + 16. What is the greatest common divisor of x and w?
8
Let s(k) = -2*k**2 - 3*k + 2. Let q be s(-2). Suppose -o - 5*b + 19 = q, 4*b + 3 = 2*o - 7. What is the greatest common factor of o and 99?
9
Suppose -4*p + 2*z = -z - 484, 2*p - z = 242. Let u = 273 - 262. What is the highest common divisor of u and p?
11
Let t(b) = -b + 14. Let s be -1*(-2 - (-9)/(-1)). Let u be t(s). Let j be ((-92)/(-20) - u)*5. What is the greatest common factor of 88 and j?
8
Let l(x) = x - 4. Suppose -g = -2*t + 9, -2*t = -t + 2*g - 17. Let o be l(t). Suppose -p - 24 = -o*p. What is the highest common factor of 36 and p?
12
Suppose 3*g - 290 = -5*y, 4*y - 307 + 75 = -5*g. Let f = 176 + y. Calculate the greatest common divisor of f and 26.
26
Let n = 0 + 15. Suppose -3*q - s = -402 - 0, 687 = 5*q - 4*s. What is the highest common divisor of n and q?
15
Let n(r) = -53*r + 1753. Let g be n(33). Let p(y) = 15*y**3 + 2*y - 1. Let m be p(1). Calculate the highest common divisor of m and g.
4
Suppose 5*c + 5*w = 455, c - 8*w + 7*w - 83 = 0. What is the highest common divisor of 145 and c?
29
Suppose 39*l = -2*l + 8200. Calculate the greatest common factor of l and 120.
40
Let s be (-112)/140 + 838/10. Suppose -4*r - s = -483. Calculate the highest common divisor of r and 40.
20
Suppose 130 + 78 = 4*g. Suppose 4*s - 82 = 3*l - l, 4*l - g = -4*s. Let h be (1 - 1 - -1) + 1. What is the highest common factor of h and s?
2
Let s = -4 + 8. Suppose -12 = -2*r - s. Suppose 420 = 4*f - r*k + 3*k, f - 105 = 2*k. Calculate the greatest common factor of f and 15.
15
Suppose -641*g = -634*g - 700. What is the highest common factor of g and 4?
4
Let n = 412 - 367. Let v(i) = i**2 - 4*i - 7. Let p be v(6). Calculate the greatest common factor of n and p.
5
Suppose 0 = 4*w - 0*b - 3*b + 92, 0 = -5*w - 3*b - 88. Let p = 30 + w. Let o = 135 + -45. What is the greatest common factor of p and o?
10
Let k be (2*(-9)/6)/(-1). Suppose 2*o - 472 = -k*l - 0*o, -l + 144 = 4*o. Suppose -d - 7 = -27. Calculate the greatest common factor of d and l.
20
Let k(b) = -b. Let f(u) = u**2 - 10*u - 6. Let y(m) = -f(m) + 6*k(m). Let x be y(5). Let l = 1 - -2. Calculate the greatest common divisor of x and l.
1
Let j(p) = 24*p - 2. Let z be j(1). What is the greatest common factor of z and 176?
22
Suppose -6*v = -4*v - 234. Calculate the highest common divisor of v and 13.
13
Let l(i) = -2*i. Suppose 2*n + 2 = -0*n, -2*f - 11 = 3*n. Let u be l(f). Let x = 40 - 24. What is the greatest common divisor of x and u?
8
Let c(u) = u**2 - 2*u + 7. Let n be ((-70)/(-25) - 4)/(3/10). Let z be c(n). Calculate the highest common factor of z and 155.
31
Suppose g = 3*g. Let m(a) = g*a - 1 - 4*a + a + 10. Let u be m(-8). Calculate the highest common factor of 11 and u.
11
Suppose -2*d + 7*d = 20. Suppose -h = x + 7, 4*h + 10 = 2*x - d*x. Let v = x - -13. Calculate the greatest common divisor of v and 4.
4
Let n = 15 + -13. Suppose -3*l = -12, q - 3*q + 3*l = 24. Let v = 8 + q. What is the greatest common factor of n and v?
2
Let c(j) = 6*j - 6. Let d be c(4). Suppose 2*b + 0*b - 4*f - d = 0, 3*f - 32 = -2*b. What is the greatest common divisor of 26 and b?
13
Let m = 145 + -49. Let w = m - 24. Calculate the highest common factor of w and 9.
9
Suppose w = q - 117 - 24, -5*q = 2*w - 726. Calculate the highest common factor of 18 and q.
18
Let v = -42 - -44. Suppose -v*d + 24 = d. Calculate the greatest common divisor of 20 and d.
4
Let r be ((-276)/(-14))/(7/147). What is the greatest common divisor of 46 and r?
46
Let q be 0 - (-13 + (-3)/(-1)). Let s = -2 + q. Suppose s*g = 3*g + 720. Calculate the highest common divisor of g and 18.
18
Suppose 138 = 3*p - 66. Calculate the greatest common factor of 170 and p.
34
Suppose -40 = -49*p + 45*p. Let n(b) = -b**2 + 2*b + 3. Let a be n(5). Let i be (-3 - -1 - a)*1. What is the highest common factor of p and i?
10
Suppose -29*h + 24*h + 3*y = -8546, 0 = -h - 3*y + 1720. What is the greatest common factor of 58 and h?
29
Suppose -4*o + 34 = -806. What is the highest common factor of 75 and o?
15
Suppose -12*u + 65 = u. Suppose 5*s = 3*q - 38, -6 = -u*q - 3*s + 12. Calculate the greatest common divisor of q and 6.
6
Suppose 4*f - 4*m = 224, 3*f - 6*m = -4*m + 167. What is the greatest common factor of f and 66?
11
Let k = 538 - 125. What is the highes